{"id":31,"date":"2013-02-07T17:14:35","date_gmt":"2013-02-07T19:14:35","guid":{"rendered":"http:\/\/monsenhorpaulo.mg.gov.br\/site\/?page_id=31"},"modified":"2022-02-02T09:16:47","modified_gmt":"2022-02-02T12:16:47","slug":"historia","status":"publish","type":"page","link":"https:\/\/monsenhorpaulo.mg.gov.br\/site\/historia\/","title":{"rendered":"Hist\u00f3ria"},"content":{"rendered":"<p style=\"text-align: justify;\">Quando em 1870, o propriet\u00e1rio da fazenda Concei\u00e7\u00e3o, Major Mathias Ant\u00f4nio Moinhos de Vilhena, construiu na sede da localidade uma capela para que o filho, Padre Paulo Em\u00edlio Moinhos de Vilhena, vig\u00e1rio da Par\u00f3quia da Campanha, viesse dar assist\u00eancia aos fi\u00e9is do povoado de Vargem Grande. Devoto de Nossa Senhora da Concei\u00e7\u00e3o, a imagem da Santa \u00e9 quem aben\u00e7oava o vilarejo que se erguia no entorno da fazenda.<\/p>\n<p>Consta do Almanaque Sul Mineiro do ano de 1874 refer\u00eancia \u00e0 povoa\u00e7\u00e3o de Vargem Grande:<\/p>\n<blockquote><p>\u00a0\u201cTamb\u00e9m, na Vargem Grande, a tr\u00eas l\u00e9guas da Campanha projeta-se a cria\u00e7\u00e3o de uma popula\u00e7\u00e3o; j\u00e1 l\u00e1 constru\u00edram uma capela a Nossa Senhora da Concei\u00e7\u00e3o e ao redor dela erguem-se algumas casas, colocadas todas em um belo local, que \u00e9 devassado ao longe. Tendo essa delineada povoa\u00e7\u00e3o a prote\u00e7\u00e3o do importante lavrador e virtuoso cidad\u00e3o Major Mathias Antonio Moinhos de Vilhena \u00e9 de crer-se que dentro em pouco tempo tome grande incremento e import\u00e2ncia\u201d.<\/p><\/blockquote>\n<p>Logo, o povoado passou a ser denominado Nossa Senhora da Concei\u00e7\u00e3o de Ponte Alta e mais fam\u00edlias come\u00e7avam tamb\u00e9m a imigrar para o Sul de Minas, rota do escoamento de ouro \u2013 j\u00e1 decadente no per\u00edodo &#8211; e \u00e1rea de desponte para agricultura. Trabalhadores vinham para cuidar das lavouras de fazendeiros da Campanha, Varginha, Eloi Mendes, S\u00e3o Gon\u00e7alo do Sapuca\u00ed e Tr\u00eas Cora\u00e7\u00f5es.<\/p>\n<p style=\"text-align: justify;\">Com o advento da cafeicultura e o fortalecimento da economia agr\u00edcola da regi\u00e3o, o Sul de Minas se desenvolveu bastante neste per\u00edodo. As fazendas viraram destinos de grupos, principalmente italianos tentando escapar da crise que assolava a Europa no final do s\u00e9c. XIX. Dentre as primeiras fam\u00edlias que atracaram na costa brasileira e rumaram para o povoado em busca de melhores condi\u00e7\u00f5es de vida est\u00e3o Totti, Lenzi, Pagano, Salotti, Baldin, Ciscon, Belato, Zanin, Pierrotti e Caovila.<\/p>\n<p style=\"text-align: justify;\">Em 1896, foi institu\u00eddo, pela C\u00e2mara Municipal de Campanha, o povoado de Ponte Alta e para o cargo de oficial do distrito foi nomeado Antonio Salotti. Com o desenvolvimento da comunidade que se instalava nas terras do povoado, o Presidente do Estado de Minas Gerais, J\u00falio Bueno Brand\u00e3o, promulgou em 1911 a lei que criou o Distrito de Paz de Nossa Senhora da Concei\u00e7\u00e3o de Ponte Alta, que viria a ser instalada apenas em 1916 sob os seguintes dom\u00ednios:<\/p>\n<p style=\"text-align: justify;\">&#8220;Come\u00e7am as divisas deste munic\u00edpio com os de Eloy Mendes e S\u00e3o Gon\u00e7alo do Sapuca\u00ed, na barra do ribeir\u00e3o Barreto com o de S\u00e3o Domingos, com a que vem do Barreiro e da\u00ed segue S\u00e3o Domingos acima nas antigas divisas at\u00e9 o alto da serra de Santa Luzia, pelo espig\u00e3o desta serra vai at\u00e9 o rumo da cabeceira do c\u00f3rrego dos Patos; por este abaixo at\u00e9 frontear as cabeceiras do c\u00f3rrego do Tijuco Preto e por este abaixo at\u00e9 encontrar as divisas do munic\u00edpio Eloy Mendes, por onde vai a estrada, at\u00e9 o ponto de partida.&#8221;<\/p>\n<p style=\"text-align: justify;\">A energia el\u00e9trica come\u00e7ou a ser gerada em 1920 com a instala\u00e7\u00e3o de uma pequena usina na fazenda do propriet\u00e1rio Adamo Caovila &#8211; a Companhia Sulmineira de Eletricidade assumiu o fornecimento de energia em 1927.<\/p>\n<p style=\"text-align: justify;\">A reforma da capela de Nossa Senhora da Concei\u00e7\u00e3o, em 1926, deixou evidente a necessidade da constru\u00e7\u00e3o de uma igreja para atender a demanda da popula\u00e7\u00e3o devota da padroeira do povoado. A capela foi demolida para ceder espa\u00e7o \u00e0 igreja Matriz, cuja pedra fundamental foi lan\u00e7ada por Dom Jo\u00e3o de Almeida Ferr\u00e3o, bispo da diocese de Campanha, em novembro de 1927. O projeto definido por Agustinho Frisotti determinou dimens\u00f5es de 37m de comprimento, 18m de largura e 30,5 de altura.<\/p>\n<p style=\"text-align: justify;\">Ponte Alta foi elevada \u00e0 categoria de vila pelo decreto-lei 311, de 2 de mar\u00e7o de 1938 e a par\u00f3quia foi criada em 1941, pelo decreto de 27 de setembro, assinado pelo Padre Jos\u00e9 do Patroc\u00ednio Lefort.<\/p>\n<p style=\"text-align: justify;\">A denomina\u00e7\u00e3o de Nossa Senhora da Concei\u00e7\u00e3o da Ponte Alta mudou para Monsenhor Paulo, por sugest\u00e3o do padre Jos\u00e9 Divino da Silva, como homenagem ao primeiro padre a dar assist\u00eancia aos fi\u00e9is do vilarejo.<\/p>\n<p>Em 1948, foi criado, pela Assembleia Legislativa, atrav\u00e9s da Lei 336, de 27 de dezembro, sancionada pelo governador Milton Campos, o munic\u00edpio de Monsenhor Paulo, desmembrado do munic\u00edpio da Campanha. Em 6 de mar\u00e7o de 1949, foi realizada a elei\u00e7\u00e3o para prefeito, vice-prefeito e vereadores, sendo eleitos, pelo PSD, o prefeito Joaquim Santiago Pereira e o vice-prefeito Luiz Tavares que tomaram posse em 20 de mar\u00e7o do mesmo ano.<\/p>\n<p style=\"text-align: justify;\">Para a primeira c\u00e2mara foram eleitos, pelo PSD, os vereadores Altamiro Ferreira Mendes, presidente; Archimedes Coli, vice-presidente; Jos\u00e9 Galdino Silveira, secret\u00e1rio; Virgilio Caovilla; Pedro Totti; Jos\u00e9 Martins dos Santos e Felippe dos Santos Pagano; pela UDN, os vereadores Eloi Xavier da Silva e Djalma Pereira.<\/p>\n<p style=\"text-align: justify;\">Segundo dados do recenseamento geral de 1950 do IBGE, Monsenhor Paulo tinha, na \u00e9poca, 5695 habitantes. Atualmente, com dados do Censo de 2010, s\u00e3o 8.161 habitantes, sendo a maioria de popula\u00e7\u00e3o masculina [57,1% homens e 42,9% mulheres]. <a href=\"http:\/\/www.ibge.gov.br\/cidadesat\/painel\/painel.php?codmun=314260#\" target=\"_blank\" rel=\"noopener\">[mais dados da cidade no site do IBGE<\/a>]\n<p style=\"text-align: justify;\"><span style=\"color: #339966;\"><strong>Monsenhor Paulo Em\u00edlio Moinhos de Vilhena<\/strong><\/span><\/p>\n<p style=\"text-align: justify;\">Nascido em Campanha, aos 12 de junho de 1847, Paulo Em\u00edlio Moinhos de Vilhena era filho do Major Mathias Antonio Moinhos de Vilhena e de Escol\u00e1stica Joaquina de Oliveira Carvalho. Iniciou os estudos em Campanha e, com 19 anos, foi para o Semin\u00e1rio de Mariana. Na manh\u00e3 de 4 de junho de 1871, no Santu\u00e1rio do Cara\u00e7a, recebeu as ordens sacerdotais das m\u00e3os de Antonio Ferreira Vi\u00e7oso, Dom Vi\u00e7oso, Bispo da Diocese de Mariana.<\/p>\n<p style=\"text-align: justify;\">Retornando para sua cidade natal, iniciou sua vida sacerdotal como coadjutor do vig\u00e1rio da Campanha. Em suas a\u00e7\u00f5es sacerdotais pela regi\u00e3o, o Padre Paulo atendia a zona rural e, a cavalo, visitava as fazendas at\u00e9 a capela de Ponte Alta, na propriedade do pr\u00f3prio pai, na fazenda Concei\u00e7\u00e3o.<\/p>\n<p style=\"text-align: justify;\">A assist\u00eancia espiritual e social junto \u00e0s comunidades priorizava os mais humildes. A castidade e a caridade eram suas principais virtudes, que se seguiram at\u00e9 a morte, em 6 de janeiro de 1926. Ele faleceu na casa da sobrinha e sepultado no cemit\u00e9rio da Campanha. Em 8 de dezembro de 2005, em comemora\u00e7\u00e3o ao dia da cidade, em homenagem ao patrono, os restos mortais foram transferidos para o cemit\u00e9rio de Monsenhor Paulo.<\/p>\n","protected":false},"excerpt":{"rendered":"<p>Quando em 1870, o propriet\u00e1rio da fazenda Concei\u00e7\u00e3o, Major Mathias Ant\u00f4nio Moinhos de Vilhena, construiu na sede da localidade uma capela para que o filho, Padre Paulo Em\u00edlio Moinhos de Vilhena, vig\u00e1rio da Par\u00f3quia da Campanha, viesse dar assist\u00eancia aos fi\u00e9is do povoado de Vargem Grande. Devoto de Nossa Senhora da Concei\u00e7\u00e3o, a imagem da &hellip;<\/p>\n","protected":false},"author":1,"featured_media":0,"parent":0,"menu_order":0,"comment_status":"closed","ping_status":"open","template":"","meta":{"footnotes":""},"class_list":["post-31","page","type-page","status-publish",""],"_links":{"self":[{"href":"https:\/\/monsenhorpaulo.mg.gov.br\/site\/wp-json\/wp\/v2\/pages\/31","targetHints":{"allow":["GET"]}}],"collection":[{"href":"https:\/\/monsenhorpaulo.mg.gov.br\/site\/wp-json\/wp\/v2\/pages"}],"about":[{"href":"https:\/\/monsenhorpaulo.mg.gov.br\/site\/wp-json\/wp\/v2\/types\/page"}],"author":[{"embeddable":true,"href":"https:\/\/monsenhorpaulo.mg.gov.br\/site\/wp-json\/wp\/v2\/users\/1"}],"replies":[{"embeddable":true,"href":"https:\/\/monsenhorpaulo.mg.gov.br\/site\/wp-json\/wp\/v2\/comments?post=31"}],"version-history":[{"count":11,"href":"https:\/\/monsenhorpaulo.mg.gov.br\/site\/wp-json\/wp\/v2\/pages\/31\/revisions"}],"predecessor-version":[{"id":10420,"href":"https:\/\/monsenhorpaulo.mg.gov.br\/site\/wp-json\/wp\/v2\/pages\/31\/revisions\/10420"}],"wp:attachment":[{"href":"https:\/\/monsenhorpaulo.mg.gov.br\/site\/wp-json\/wp\/v2\/media?parent=31"}],"curies":[{"name":"wp","href":"https:\/\/api.w.org\/{rel}","templated":true}]}}